 is the hundreds digit of 108107325?
3
What is the tens digit of 2596263379?
7
What is the tens digit of 23399363?
6
What is the ten thousands digit of 89159701?
5
What is the hundreds digit of 2198652169?
1
What is the thousands digit of 3791548937?
8
What is the thousands digit of 2823134442?
4
What is the thousands digit of 875833101?
3
What is the hundred thousands digit of 2999922070?
9
What is the hundreds digit of 329344499?
4
What is the millions digit of 35718192?
5
What is the hundreds digit of 1184771365?
3
What is the thousands digit of 1681817161?
7
What is the billions digit of 2527014663?
2
What is the ten millions digit of 2627371562?
2
What is the ten millions digit of 1389620322?
8
What is the units digit of 27511464?
4
What is the thousands digit of 531962145?
2
What is the millions digit of 768250077?
8
What is the hundred thousands digit of 511979373?
9
What is the hundred thousands digit of 329481585?
4
What is the thousands digit of 87446440?
6
What is the hundred millions digit of 796694989?
7
What is the millions digit of 65077128?
5
What is the ten thousands digit of 3861661565?
6
What is the hundreds digit of 43126782?
7
What is the thousands digit of 2084389068?
9
What is the hundreds digit of 329209445?
4
What is the ten thousands digit of 27149407?
4
What is the hundred millions digit of 3228281474?
2
What is the hundreds digit of 495852500?
5
What is the tens digit of 270477492?
9
What is the millions digit of 2547816079?
7
What is the thousands digit of 290534528?
4
What is the hundred thousands digit of 61359643?
3
What is the hundred millions digit of 2288382891?
2
What is the tens digit of 66347137?
3
What is the hundred millions digit of 3508853461?
5
What is the hundreds digit of 58333274?
2
What is the units digit of 16067111?
1
What is the hundred millions digit of 5529699396?
5
What is the tens digit of 330992109?
0
What is the units digit of 2533675404?
4
What is the hundreds digit of 258125830?
8
What is the hundred thousands digit of 631816277?
8
What is the thousands digit of 50662942?
2
What is the tens digit of 20639231?
3
What is the hundreds digit of 76408969?
9
What is the hundred thousands digit of 449889671?
8
What is the tens digit of 90169921?
2
What is the ten millions digit of 251097734?
5
What is the ten thousands digit of 17410873?
1
What is the millions digit of 7501436466?
1
What is the hundred thousands digit of 91628036?
6
What is the hundreds digit of 742558070?
0
What is the hundreds digit of 6219121252?
2
What is the hundreds digit of 380939273?
2
What is the tens digit of 20984336?
3
What is the tens digit of 140640104?
0
What is the units digit of 91036240?
0
What is the thousands digit of 1782835515?
5
What is the hundreds digit of 306920441?
4
What is the hundred thousands digit of 33571569?
5
What is the hundreds digit of 7245200?
2
What is the ten thousands digit of 5361137?
6
What is the thousands digit of 83848470?
8
What is the hundred thousands digit of 12655102?
6
What is the thousands digit of 61525049?
5
What is the thousands digit of 2304476125?
6
What is the ten millions digit of 802313656?
0
What is the ten millions digit of 30270504?
3
What is the ten thousands digit of 105183387?
8
What is the hundred millions digit of 259326665?
2
What is the ten thousands digit of 575099647?
9
What is the hundred thousands digit of 84596029?
5
What is the hundred thousands digit of 2080213957?
2
What is the ten millions digit of 3443722057?
4
What is the units digit of 7400439697?
7
What is the tens digit of 7472043296?
9
What is the hundred thousands digit of 5042751441?
7
What is the tens digit of 65835644?
4
What is the tens digit of 640935178?
7
What is the millions digit of 100477714?
0
What is the ten millions digit of 481963136?
8
What is the hundred thousands digit of 113681361?
6
What is the hundreds digit of 63899970?
9
What is the hundreds digit of 69971407?
4
What is the units digit of 7706519177?
7
What is the tens digit of 258550526?
2
What is the tens digit of 4877482122?
2
What is the hundreds digit of 4007083210?
2
What is the tens digit of 34313529?
2
What is the ten thousands digit of 40126702?
2
What is the thousands digit of 943117190?
7
What is the billions digit of 1453593154?
1
What is the ten thousands digit of 658953202?
5
What is the hundred millions digit of 104348217?
1
What is the hundred thousands digit of 108508979?
5
What is the hundred thousands digit of 35033529?
0
What is the hundreds digit of 8580633?
6
What is the thousands digit of 4534715983?
5
What is the tens digit of 259803848?
4
What is the hundred thousands digit of 45555181?
5
What is the millions digit of 46692062?
6
What is the hundred millions digit of 232014175?
2
What is the hundred millions digit of 4002538305?
0
What is the units digit of 12588345?
5
What is the thousands digit of 3559038166?
8
What is the hundreds digit of 60305107?
1
What is the hundreds digit of 668886739?
7
What is the tens digit of 144663266?
6
What is the tens digit of 572870112?
1
What is the ten thousands digit of 12063329?
6
What is the ten millions digit of 60758030?
6
What is the hundreds digit of 948593965?
9
What is the tens digit of 413684108?
0
What is the tens digit of 46859578?
7
What is the tens digit of 148820893?
9
What is the hundred millions digit of 5601686335?
6
What is the millions digit of 1100545470?
0
What is the millions digit of 206696347?
6
What is the ten millions digit of 29058920?
2
What is the units digit of 2687980473?
3
What is the hundred thousands digit of 1549133501?
1
What is the tens digit of 1990768690?
9
What is the ten thousands digit of 80242529?
4
What is the thousands digit of 100361?
0
What is the thousands digit of 56011817?
1
What is the hundreds digit of 361473491?
4
What is the ten thousands digit of 96015408?
1
What is the ten thousands digit of 77764413?
6
What is the units digit of 914809571?
1
What is the tens digit of 54825210?
1
What is the units digit of 855227928?
8
What is the units digit of 80669532?
2
What is the hundred millions digit of 805792875?
8
What is the units digit of 505917271?
1
What is the ten thousands digit of 62190106?
9
What is the millions digit of 4703263413?
3
What is the thousands digit of 43071590?
1
What is the millions digit of 85870564?
5
What is the ten millions digit of 12424562?
1
What is the units digit of 54407170?
0
What is the thousands digit of 10711633?
1
What is the millions digit of 2027991488?
7
What is the hundred thousands digit of 18671107?
6
What is the millions digit of 124061714?
4
What is the thousands digit of 893936749?
6
What is the units digit of 22217856?
6
What is the hundred millions digit of 276133762?
2
What is the hundreds digit of 155169926?
9
What is the ten thousands digit of 2477072289?
7
What is the units digit of 174759697?
7
What is the hundreds digit of 395849733?
7
What is the hundreds digit of 283153511?
5
What is the hundred thousands digit of 80835771?
8
What is the tens digit of 5736241029?
2
What is the tens digit of 28581819?
1
What is the thousands digit of 157187793?
7
What is the hundreds digit of 10982573?
5
What is the thousands digit of 252243254?
3
What is the units digit of 534858014?
4
What is the billions digit of 6032123706?
6
What is the units digit of 5173665?
5
What is the hundreds digit of 42224383?
3
What is the thousands digit of 84728306?
8
What is the thousands digit of 2110868611?
8
What is the tens digit of 94248189?
8
What is the hundreds digit of 135638073?
0
What is the hundreds digit of 319040559?
5
What is the ten thousands digit of 86607077?
0
What is the hundreds digit of 404818176?
1
What is the tens digit of 5904638?
3
What is the ten millions digit of 3074955896?
7
What is the ten thousands digit of 538088305?
8
What is the tens digit of 1280147507?
0
What is the ten millions digit of 370363800?
7
What is the millions digit of 440599092?
0
What is the ten millions digit of 5628565530?
2
What is the ten thousands digit of 5605570?
0
What is the ten thousands digit of 115329668?
2
What is the millions digit of 1904335760?
4
What is the millions digit of 4557720?
4
What is the thousands digit of 1856652567?
2
What is the hundreds digit of 2082755